Last updated on 2022-04-24 03:52:25 CEST.
Flavor | Version | Tinstall | Tcheck | Ttotal | Status | Flags |
---|---|---|---|---|---|---|
r-devel-linux-x86_64-debian-clang | 2.0.0 | 143.89 | 44.70 | 188.59 | WARN | |
r-devel-linux-x86_64-debian-gcc | 2.0.0 | 104.31 | 33.85 | 138.16 | OK | |
r-devel-linux-x86_64-fedora-clang | 2.0.0 | 281.02 | WARN | |||
r-devel-linux-x86_64-fedora-gcc | 2.0.0 | 224.12 | OK | |||
r-patched-linux-x86_64 | 2.0.0 | 117.54 | 42.61 | 160.15 | OK | |
r-release-linux-x86_64 | 2.0.0 | 112.44 | 42.58 | 155.02 | OK | |
r-release-macos-arm64 | 2.0.0 | NOTE | ||||
r-release-macos-x86_64 | 2.0.0 | NOTE | ||||
r-release-windows-x86_64 | 2.0.0 | 119.00 | 101.00 | 220.00 | OK | |
r-oldrel-macos-arm64 | 2.0.0 | NOTE | ||||
r-oldrel-macos-x86_64 | 2.0.0 | NOTE | ||||
r-oldrel-windows-ix86+x86_64 | 2.0.0 | 311.00 | 85.00 | 396.00 | OK |
Version: 2.0.0
Check: whether package can be installed
Result: WARN
Found the following significant warnings:
clean.cc:18:10: warning: use of bitwise '|' with boolean operands [-Wbitwise-instead-of-logical]
clean.cc:29:10: warning: use of bitwise '|' with boolean operands [-Wbitwise-instead-of-logical]
clean.cc:70:25: warning: use of bitwise '|' with boolean operands [-Wbitwise-instead-of-logical]
clean.cc:74:25: warning: use of bitwise '&' with boolean operands [-Wbitwise-instead-of-logical]
Flavors: r-devel-linux-x86_64-debian-clang, r-devel-linux-x86_64-fedora-clang
Version: 2.0.0
Check: installed package size
Result: NOTE
installed size is 6.2Mb
sub-directories of 1Mb or more:
doc 1.9Mb
libs 4.2Mb
Flavors: r-devel-linux-x86_64-fedora-clang, r-release-macos-arm64, r-release-macos-x86_64, r-oldrel-macos-arm64, r-oldrel-macos-x86_64