Last updated on 2022-04-24 03:52:25 CEST.
Flavor | Version | Tinstall | Tcheck | Ttotal | Status | Flags |
---|---|---|---|---|---|---|
r-devel-linux-x86_64-debian-clang | 2.2.0 | 27.16 | 225.71 | 252.87 | OK | |
r-devel-linux-x86_64-debian-gcc | 2.2.0 | 20.71 | 170.03 | 190.74 | OK | |
r-devel-linux-x86_64-fedora-clang | 2.2.0 | 334.28 | NOTE | |||
r-devel-linux-x86_64-fedora-gcc | 2.2.0 | 301.38 | OK | |||
r-patched-linux-x86_64 | 2.2.0 | 33.08 | 219.84 | 252.92 | OK | |
r-release-linux-x86_64 | 2.2.0 | 25.63 | 228.06 | 253.69 | OK | |
r-release-macos-arm64 | 2.2.0 | NOTE | ||||
r-release-macos-x86_64 | 2.2.0 | NOTE | ||||
r-release-windows-x86_64 | 2.2.0 | 322.00 | 482.00 | 804.00 | NOTE | |
r-oldrel-macos-arm64 | 2.2.0 | NOTE | ||||
r-oldrel-macos-x86_64 | 2.2.0 | NOTE | ||||
r-oldrel-windows-ix86+x86_64 | 2.2.0 | 56.00 | 314.00 | 370.00 | NOTE |
Version: 2.2.0
Check: installed package size
Result: NOTE
installed size is 5.1Mb
sub-directories of 1Mb or more:
doc 3.0Mb
help 1.2Mb
Flavors: r-devel-linux-x86_64-fedora-clang, r-release-macos-arm64, r-release-macos-x86_64, r-release-windows-x86_64, r-oldrel-macos-arm64, r-oldrel-macos-x86_64, r-oldrel-windows-ix86+x86_64