Last updated on 2022-04-24 03:52:25 CEST.
Flavor | Version | Tinstall | Tcheck | Ttotal | Status | Flags |
---|---|---|---|---|---|---|
r-devel-linux-x86_64-debian-clang | 1.4.1 | 13.44 | 99.52 | 112.96 | NOTE | |
r-devel-linux-x86_64-debian-gcc | 1.4.1 | 10.21 | 77.89 | 88.10 | NOTE | |
r-devel-linux-x86_64-fedora-clang | 1.4.1 | 137.31 | NOTE | |||
r-devel-linux-x86_64-fedora-gcc | 1.4.1 | 123.69 | NOTE | |||
r-patched-linux-x86_64 | 1.4.1 | 9.39 | 97.14 | 106.53 | NOTE | |
r-release-linux-x86_64 | 1.4.1 | 9.69 | 92.72 | 102.41 | NOTE | |
r-release-macos-arm64 | 1.4.1 | OK | ||||
r-release-macos-x86_64 | 1.4.1 | OK | ||||
r-release-windows-x86_64 | 1.4.1 | 28.00 | 130.00 | 158.00 | OK | |
r-oldrel-macos-arm64 | 1.4.1 | OK | ||||
r-oldrel-macos-x86_64 | 1.4.1 | OK | ||||
r-oldrel-windows-ix86+x86_64 | 1.4.1 | 30.00 | 145.00 | 175.00 | OK |
Version: 1.4.1
Check: for non-standard things in the check directory
Result: NOTE
Found the following files/directories:
'default5.eps'
Flavors: r-devel-linux-x86_64-debian-clang, r-devel-linux-x86_64-debian-gcc, r-devel-linux-x86_64-fedora-clang, r-devel-linux-x86_64-fedora-gcc, r-patched-linux-x86_64, r-release-linux-x86_64
Version: 1.4.1
Check: compiled code
Result: NOTE
File ‘fastclime/libs/fastclime.so’:
Found no calls to: ‘R_registerRoutines’, ‘R_useDynamicSymbols’
It is good practice to register native routines and to disable symbol
search.
See ‘Writing portable packages’ in the ‘Writing R Extensions’ manual.
Flavors: r-devel-linux-x86_64-fedora-clang, r-devel-linux-x86_64-fedora-gcc