Last updated on 2022-04-24 03:52:25 CEST.
Flavor | Version | Tinstall | Tcheck | Ttotal | Status | Flags |
---|---|---|---|---|---|---|
r-devel-linux-x86_64-debian-clang | 1.1.2 | 59.45 | 40.73 | 100.18 | OK | |
r-devel-linux-x86_64-debian-gcc | 1.1.2 | 45.61 | 31.20 | 76.81 | OK | |
r-devel-linux-x86_64-fedora-clang | 1.1.2 | 143.62 | OK | |||
r-devel-linux-x86_64-fedora-gcc | 1.1.2 | 117.74 | OK | |||
r-patched-linux-x86_64 | 1.1.2 | 47.86 | 39.06 | 86.92 | OK | |
r-release-linux-x86_64 | 1.1.2 | 45.97 | 37.42 | 83.39 | OK | |
r-release-macos-arm64 | 1.1.2 | NOTE | ||||
r-release-macos-x86_64 | 1.1.2 | NOTE | ||||
r-release-windows-x86_64 | 1.1.2 | 62.00 | 77.00 | 139.00 | OK | |
r-oldrel-macos-arm64 | 1.1.2 | NOTE | ||||
r-oldrel-macos-x86_64 | 1.1.2 | NOTE | ||||
r-oldrel-windows-ix86+x86_64 | 1.1.2 | 144.00 | 78.00 | 222.00 | NOTE |
Version: 1.1.2
Check: installed package size
Result: NOTE
installed size is 6.1Mb
sub-directories of 1Mb or more:
data 3.1Mb
libs 2.9Mb
Flavors: r-release-macos-arm64, r-release-macos-x86_64, r-oldrel-macos-arm64, r-oldrel-macos-x86_64, r-oldrel-windows-ix86+x86_64