Last updated on 2022-04-24 03:52:25 CEST.
Flavor | Version | Tinstall | Tcheck | Ttotal | Status | Flags |
---|---|---|---|---|---|---|
r-devel-linux-x86_64-debian-clang | 1.0.3 | 130.18 | 266.42 | 396.60 | WARN | |
r-devel-linux-x86_64-debian-gcc | 1.0.3 | 95.54 | 195.29 | 290.83 | NOTE | |
r-devel-linux-x86_64-fedora-clang | 1.0.3 | 493.35 | WARN | |||
r-devel-linux-x86_64-fedora-gcc | 1.0.3 | 457.86 | NOTE | |||
r-patched-linux-x86_64 | 1.0.3 | 104.04 | 255.80 | 359.84 | NOTE | |
r-release-linux-x86_64 | 1.0.3 | 104.36 | 229.63 | 333.99 | NOTE | |
r-release-macos-arm64 | 1.0.3 | NOTE | ||||
r-release-macos-x86_64 | 1.0.3 | NOTE | ||||
r-release-windows-x86_64 | 1.0.3 | 97.00 | 266.00 | 363.00 | NOTE | |
r-oldrel-macos-arm64 | 1.0.3 | NOTE | ||||
r-oldrel-macos-x86_64 | 1.0.3 | NOTE | ||||
r-oldrel-windows-ix86+x86_64 | 1.0.3 | 265.00 | 378.00 | 643.00 | NOTE |
Version: 1.0.3
Check: whether package can be installed
Result: WARN
Found the following significant warnings:
pixelfn.cpp:15:6: warning: use of bitwise '|' with boolean operands [-Wbitwise-instead-of-logical]
pixelfn.cpp:34:6: warning: use of bitwise '|' with boolean operands [-Wbitwise-instead-of-logical]
pixelfn.cpp:41:6: warning: use of bitwise '|' with boolean operands [-Wbitwise-instead-of-logical]
Flavors: r-devel-linux-x86_64-debian-clang, r-devel-linux-x86_64-fedora-clang
Version: 1.0.3
Check: LazyData
Result: NOTE
'LazyData' is specified without a 'data' directory
Flavors: r-devel-linux-x86_64-debian-clang, r-devel-linux-x86_64-debian-gcc, r-devel-linux-x86_64-fedora-clang, r-devel-linux-x86_64-fedora-gcc, r-patched-linux-x86_64, r-release-linux-x86_64, r-release-macos-arm64, r-release-macos-x86_64, r-release-windows-x86_64, r-oldrel-macos-arm64, r-oldrel-macos-x86_64, r-oldrel-windows-ix86+x86_64