Last updated on 2022-04-24 03:52:25 CEST.
Flavor | Version | Tinstall | Tcheck | Ttotal | Status | Flags |
---|---|---|---|---|---|---|
r-devel-linux-x86_64-debian-clang | 0.0.1 | 92.06 | 71.54 | 163.60 | NOTE | |
r-devel-linux-x86_64-debian-gcc | 0.0.1 | 90.85 | 56.33 | 147.18 | NOTE | |
r-devel-linux-x86_64-fedora-clang | 0.0.1 | 235.54 | NOTE | |||
r-devel-linux-x86_64-fedora-gcc | 0.0.1 | 226.84 | OK | |||
r-patched-linux-x86_64 | 0.0.1 | 97.34 | 74.00 | 171.34 | NOTE | |
r-release-linux-x86_64 | 0.0.1 | 97.08 | 73.11 | 170.19 | NOTE | |
r-release-macos-arm64 | 0.0.1 | NOTE | ||||
r-release-macos-x86_64 | 0.0.1 | NOTE | ||||
r-release-windows-x86_64 | 0.0.1 | 71.00 | 120.00 | 191.00 | NOTE | |
r-oldrel-macos-arm64 | 0.0.1 | NOTE | ||||
r-oldrel-macos-x86_64 | 0.0.1 | NOTE | ||||
r-oldrel-windows-ix86+x86_64 | 0.0.1 | 216.00 | 123.00 | 339.00 | NOTE |
Version: 0.0.1
Check: package vignettes
Result: NOTE
Package vignette with placeholder title 'Vignette Title':
'quick-usage-guide-to-the-fastglm-package.Rmd'
Flavors: r-devel-linux-x86_64-debian-clang, r-devel-linux-x86_64-debian-gcc, r-patched-linux-x86_64, r-release-linux-x86_64, r-release-windows-x86_64, r-oldrel-windows-ix86+x86_64
Version: 0.0.1
Check: installed package size
Result: NOTE
installed size is 37.1Mb
sub-directories of 1Mb or more:
libs 36.9Mb
Flavors: r-devel-linux-x86_64-fedora-clang, r-release-macos-arm64, r-release-macos-x86_64, r-oldrel-macos-arm64, r-oldrel-macos-x86_64