Last updated on 2022-04-24 03:52:25 CEST.
Flavor | Version | Tinstall | Tcheck | Ttotal | Status | Flags |
---|---|---|---|---|---|---|
r-devel-linux-x86_64-debian-clang | 0.1.1 | 68.35 | 38.10 | 106.45 | NOTE | |
r-devel-linux-x86_64-debian-gcc | 0.1.1 | 56.26 | 30.42 | 86.68 | NOTE | |
r-devel-linux-x86_64-fedora-clang | 0.1.1 | 167.32 | NOTE | |||
r-devel-linux-x86_64-fedora-gcc | 0.1.1 | 139.92 | NOTE | |||
r-patched-linux-x86_64 | 0.1.1 | 71.25 | 38.18 | 109.43 | NOTE | |
r-release-linux-x86_64 | 0.1.1 | 58.81 | 36.01 | 94.82 | NOTE | |
r-release-macos-arm64 | 0.1.1 | NOTE | ||||
r-release-macos-x86_64 | 0.1.1 | NOTE | ||||
r-release-windows-x86_64 | 0.1.1 | 40.00 | 77.00 | 117.00 | NOTE | |
r-oldrel-macos-arm64 | 0.1.1 | NOTE | ||||
r-oldrel-macos-x86_64 | 0.1.1 | NOTE | ||||
r-oldrel-windows-ix86+x86_64 | 0.1.1 | 99.00 | 68.00 | 167.00 | NOTE |
Version: 0.1.1
Check: LazyData
Result: NOTE
'LazyData' is specified without a 'data' directory
Flavors: r-devel-linux-x86_64-debian-clang, r-devel-linux-x86_64-debian-gcc, r-devel-linux-x86_64-fedora-clang, r-devel-linux-x86_64-fedora-gcc, r-patched-linux-x86_64, r-release-linux-x86_64, r-release-macos-arm64, r-release-macos-x86_64, r-release-windows-x86_64, r-oldrel-macos-arm64, r-oldrel-macos-x86_64, r-oldrel-windows-ix86+x86_64