Last updated on 2022-04-24 03:52:25 CEST.
Flavor | Version | Tinstall | Tcheck | Ttotal | Status | Flags |
---|---|---|---|---|---|---|
r-devel-linux-x86_64-debian-clang | 0.1.2 | 17.44 | 39.18 | 56.62 | WARN | |
r-devel-linux-x86_64-debian-gcc | 0.1.2 | 14.96 | 30.74 | 45.70 | OK | |
r-devel-linux-x86_64-fedora-clang | 0.1.2 | 79.39 | WARN | |||
r-devel-linux-x86_64-fedora-gcc | 0.1.2 | 63.13 | OK | |||
r-patched-linux-x86_64 | 0.1.2 | 17.11 | 38.90 | 56.01 | OK | |
r-release-linux-x86_64 | 0.1.2 | 18.03 | 36.86 | 54.89 | OK | |
r-release-macos-arm64 | 0.1.2 | OK | ||||
r-release-macos-x86_64 | 0.1.2 | OK | ||||
r-release-windows-x86_64 | 0.1.2 | 24.00 | 76.00 | 100.00 | OK | |
r-oldrel-macos-arm64 | 0.1.2 | OK | ||||
r-oldrel-macos-x86_64 | 0.1.2 | OK | ||||
r-oldrel-windows-ix86+x86_64 | 0.1.2 | 48.00 | 79.00 | 127.00 | OK |
Version: 0.1.2
Check: whether package can be installed
Result: WARN
Found the following significant warnings:
code.cpp:64:9: warning: use of bitwise '&' with boolean operands [-Wbitwise-instead-of-logical]
Flavors: r-devel-linux-x86_64-debian-clang, r-devel-linux-x86_64-fedora-clang