Last updated on 2022-04-24 03:52:25 CEST.
Flavor | Version | Tinstall | Tcheck | Ttotal | Status | Flags |
---|---|---|---|---|---|---|
r-devel-linux-x86_64-debian-clang | 1.0.2 | 53.44 | 91.28 | 144.72 | OK | |
r-devel-linux-x86_64-debian-gcc | 1.0.2 | 44.88 | 69.17 | 114.05 | OK | |
r-devel-linux-x86_64-fedora-clang | 1.0.2 | 186.20 | NOTE | |||
r-devel-linux-x86_64-fedora-gcc | 1.0.2 | 165.77 | OK | |||
r-patched-linux-x86_64 | 1.0.2 | 53.51 | 86.86 | 140.37 | OK | |
r-release-linux-x86_64 | 1.0.2 | 48.35 | 82.38 | 130.73 | OK | |
r-release-macos-arm64 | 1.0.2 | NOTE | ||||
r-release-macos-x86_64 | 1.0.2 | NOTE | ||||
r-release-windows-x86_64 | 1.0.2 | 67.00 | 106.00 | 173.00 | NOTE | |
r-oldrel-macos-arm64 | 1.0.2 | NOTE | ||||
r-oldrel-macos-x86_64 | 1.0.2 | NOTE | ||||
r-oldrel-windows-ix86+x86_64 | 1.0.2 | 71.00 | 91.00 | 162.00 | NOTE |
Version: 1.0.2
Check: installed package size
Result: NOTE
installed size is 15.8Mb
sub-directories of 1Mb or more:
data 15.7Mb
Flavors: r-devel-linux-x86_64-fedora-clang, r-release-macos-arm64, r-release-macos-x86_64, r-release-windows-x86_64, r-oldrel-macos-arm64, r-oldrel-macos-x86_64, r-oldrel-windows-ix86+x86_64