Last updated on 2022-04-24 03:52:25 CEST.
Flavor | Version | Tinstall | Tcheck | Ttotal | Status | Flags |
---|---|---|---|---|---|---|
r-devel-linux-x86_64-debian-clang | 0.2.3 | 3.19 | 59.48 | 62.67 | OK | |
r-devel-linux-x86_64-debian-gcc | 0.2.3 | 3.21 | 44.09 | 47.30 | OK | |
r-devel-linux-x86_64-fedora-clang | 0.2.3 | 76.89 | NOTE | |||
r-devel-linux-x86_64-fedora-gcc | 0.2.3 | 62.88 | NOTE | |||
r-patched-linux-x86_64 | 0.2.3 | 3.22 | 55.38 | 58.60 | OK | |
r-release-linux-x86_64 | 0.2.3 | 3.20 | 53.64 | 56.84 | OK | |
r-release-macos-arm64 | 0.2.3 | NOTE | ||||
r-release-macos-x86_64 | 0.2.3 | NOTE | ||||
r-release-windows-x86_64 | 0.2.3 | 21.00 | 83.00 | 104.00 | OK | |
r-oldrel-macos-arm64 | 0.2.3 | NOTE | ||||
r-oldrel-macos-x86_64 | 0.2.3 | NOTE | ||||
r-oldrel-windows-ix86+x86_64 | 0.2.3 | 9.00 | 76.00 | 85.00 | OK |
Version: 0.2.3
Check: dependencies in R code
Result: NOTE
Namespaces in Imports field not imported from:
‘collapse’ ‘data.table’ ‘fst’ ‘kit’ ‘magrittr’ ‘matrixStats’
All declared Imports should be used.
Flavors: r-devel-linux-x86_64-fedora-clang, r-devel-linux-x86_64-fedora-gcc, r-release-macos-arm64, r-release-macos-x86_64, r-oldrel-macos-arm64, r-oldrel-macos-x86_64