Last updated on 2022-04-24 03:52:25 CEST.
Flavor | Version | Tinstall | Tcheck | Ttotal | Status | Flags |
---|---|---|---|---|---|---|
r-devel-linux-x86_64-debian-clang | 1.0.1 | 25.63 | 129.52 | 155.15 | OK | |
r-devel-linux-x86_64-debian-gcc | 1.0.1 | 20.00 | 93.96 | 113.96 | OK | |
r-devel-linux-x86_64-fedora-clang | 1.0.1 | 148.47 | OK | |||
r-devel-linux-x86_64-fedora-gcc | 1.0.1 | 168.09 | OK | |||
r-patched-linux-x86_64 | 1.0.1 | 20.13 | 101.44 | 121.57 | OK | |
r-release-linux-x86_64 | 1.0.1 | 21.73 | 65.61 | 87.34 | OK | |
r-release-macos-arm64 | 1.0.1 | OK | ||||
r-release-macos-x86_64 | 1.0.1 | WARN | --as-cran | |||
r-release-windows-x86_64 | 1.0.1 | 33.00 | 148.00 | 181.00 | OK | |
r-oldrel-macos-arm64 | 1.0.1 | OK | ||||
r-oldrel-macos-x86_64 | 1.0.1 | WARN | --as-cran | |||
r-oldrel-windows-ix86+x86_64 | 1.0.1 | 62.00 | 188.00 | 250.00 | OK |
Version: 1.0.1
Flags: --as-cran
Check: CRAN incoming feasibility
Result: WARN
Maintainer: ‘Valerio Gherardi <vgherard840@gmail.com>’
Insufficient package version (submitted: 1.0.1, existing: 1.0.1)
Days since last update: 1
Flavors: r-release-macos-x86_64, r-oldrel-macos-x86_64
Version: 1.0.1
Flags: --as-cran
Check: top-level files
Result: NOTE
Files ‘README.md’ or ‘NEWS.md’ cannot be checked without ‘pandoc’ being installed.
Flavors: r-release-macos-x86_64, r-oldrel-macos-x86_64