Last updated on 2022-04-24 03:52:25 CEST.
Flavor | Version | Tinstall | Tcheck | Ttotal | Status | Flags |
---|---|---|---|---|---|---|
r-devel-linux-x86_64-debian-clang | 0.1 | 9.69 | 73.46 | 83.15 | NOTE | |
r-devel-linux-x86_64-debian-gcc | 0.1 | 7.42 | 55.63 | 63.05 | NOTE | |
r-devel-linux-x86_64-fedora-clang | 0.1 | 101.54 | NOTE | |||
r-devel-linux-x86_64-fedora-gcc | 0.1 | 89.00 | NOTE | |||
r-patched-linux-x86_64 | 0.1 | 8.30 | 71.37 | 79.67 | NOTE | |
r-release-linux-x86_64 | 0.1 | 6.90 | 67.21 | 74.11 | NOTE | |
r-release-macos-arm64 | 0.1 | NOTE | ||||
r-release-macos-x86_64 | 0.1 | NOTE | ||||
r-release-windows-x86_64 | 0.1 | 13.00 | 85.00 | 98.00 | NOTE | |
r-oldrel-macos-arm64 | 0.1 | NOTE | ||||
r-oldrel-macos-x86_64 | 0.1 | NOTE | ||||
r-oldrel-windows-ix86+x86_64 | 0.1 | 18.00 | 75.00 | 93.00 | NOTE |
Version: 0.1
Check: dependencies in R code
Result: NOTE
Packages in Depends field not imported from:
'MASS' 'combinat' 'glmnet'
These packages need to be imported from (in the NAMESPACE file)
for when this namespace is loaded but not attached.
Flavors: r-devel-linux-x86_64-debian-clang, r-devel-linux-x86_64-debian-gcc, r-devel-linux-x86_64-fedora-clang, r-devel-linux-x86_64-fedora-gcc, r-patched-linux-x86_64, r-release-linux-x86_64, r-release-macos-arm64, r-release-macos-x86_64, r-release-windows-x86_64, r-oldrel-macos-arm64, r-oldrel-macos-x86_64, r-oldrel-windows-ix86+x86_64
Version: 0.1
Check: R code for possible problems
Result: NOTE
fcd.cluster: no visible global function definition for 'kmeans'
fcd.start: no visible global function definition for 'ginv'
fcd.start: no visible global function definition for 'glmnet'
gen.dcbm: no visible global function definition for 'rbinom'
gen.sbm: no visible global function definition for 'rbinom'
mis.cluster: no visible global function definition for 'permn'
spectral.clustering: no visible global function definition for 'kmeans'
Undefined global functions or variables:
ginv glmnet kmeans permn rbinom
Consider adding
importFrom("stats", "kmeans", "rbinom")
to your NAMESPACE file.
Flavors: r-devel-linux-x86_64-debian-clang, r-devel-linux-x86_64-debian-gcc, r-devel-linux-x86_64-fedora-clang, r-devel-linux-x86_64-fedora-gcc, r-patched-linux-x86_64, r-release-linux-x86_64, r-release-macos-arm64, r-release-macos-x86_64, r-release-windows-x86_64, r-oldrel-macos-arm64, r-oldrel-macos-x86_64, r-oldrel-windows-ix86+x86_64