Last updated on 2022-04-24 03:52:25 CEST.
Flavor | Version | Tinstall | Tcheck | Ttotal | Status | Flags |
---|---|---|---|---|---|---|
r-devel-linux-x86_64-debian-clang | 2.1.1 | 158.37 | 88.06 | 246.43 | WARN | |
r-devel-linux-x86_64-debian-gcc | 2.1.1 | 123.40 | 65.63 | 189.03 | OK | |
r-devel-linux-x86_64-fedora-clang | 2.1.1 | 370.12 | WARN | |||
r-devel-linux-x86_64-fedora-gcc | 2.1.1 | 304.38 | OK | |||
r-patched-linux-x86_64 | 2.1.1 | 132.88 | 86.66 | 219.54 | OK | |
r-release-linux-x86_64 | 2.1.1 | 136.92 | 83.58 | 220.50 | OK | |
r-release-macos-arm64 | 2.1.1 | NOTE | ||||
r-release-macos-x86_64 | 2.1.1 | NOTE | ||||
r-release-windows-x86_64 | 2.1.1 | 135.00 | 136.00 | 271.00 | OK | |
r-oldrel-macos-arm64 | 2.1.1 | NOTE | ||||
r-oldrel-macos-x86_64 | 2.1.1 | NOTE | ||||
r-oldrel-windows-ix86+x86_64 | 2.1.1 | 357.00 | 134.00 | 491.00 | OK |
Version: 2.1.1
Check: whether package can be installed
Result: WARN
Found the following significant warnings:
func.cpp:124:17: warning: use of bitwise '&' with boolean operands [-Wbitwise-instead-of-logical]
Flavors: r-devel-linux-x86_64-debian-clang, r-devel-linux-x86_64-fedora-clang
Version: 2.1.1
Check: installed package size
Result: NOTE
installed size is 7.7Mb
sub-directories of 1Mb or more:
libs 7.1Mb
Flavors: r-devel-linux-x86_64-fedora-clang, r-release-macos-arm64, r-release-macos-x86_64, r-oldrel-macos-arm64, r-oldrel-macos-x86_64