Last updated on 2022-04-24 03:52:25 CEST.
Flavor | Version | Tinstall | Tcheck | Ttotal | Status | Flags |
---|---|---|---|---|---|---|
r-devel-linux-x86_64-debian-clang | 1.6.1 | 4.83 | 69.34 | 74.17 | NOTE | |
r-devel-linux-x86_64-debian-gcc | 1.6.1 | 3.94 | 52.22 | 56.16 | NOTE | |
r-devel-linux-x86_64-fedora-clang | 1.6.1 | 89.25 | NOTE | |||
r-devel-linux-x86_64-fedora-gcc | 1.6.1 | 78.70 | NOTE | |||
r-patched-linux-x86_64 | 1.6.1 | 4.17 | 66.66 | 70.83 | NOTE | |
r-release-linux-x86_64 | 1.6.1 | 4.75 | 63.92 | 68.67 | NOTE | |
r-release-macos-arm64 | 1.6.1 | OK | ||||
r-release-macos-x86_64 | 1.6.1 | OK | ||||
r-release-windows-x86_64 | 1.6.1 | 28.00 | 92.00 | 120.00 | OK | |
r-oldrel-macos-arm64 | 1.6.1 | OK | ||||
r-oldrel-macos-x86_64 | 1.6.1 | OK | ||||
r-oldrel-windows-ix86+x86_64 | 1.6.1 | 14.00 | 87.00 | 101.00 | OK |
Version: 1.6.1
Check: for non-standard things in the check directory
Result: NOTE
Found the following files/directories:
'test2delete.txt' 'test2delete2_values.txt' 'test2delete_values.txt'
Flavors: r-devel-linux-x86_64-debian-clang, r-devel-linux-x86_64-debian-gcc, r-devel-linux-x86_64-fedora-clang, r-devel-linux-x86_64-fedora-gcc, r-patched-linux-x86_64, r-release-linux-x86_64