Last updated on 2022-04-24 03:52:25 CEST.
Flavor | Version | Tinstall | Tcheck | Ttotal | Status | Flags |
---|---|---|---|---|---|---|
r-devel-linux-x86_64-debian-clang | 0.1.21 | 4.45 | 63.23 | 67.68 | NOTE | |
r-devel-linux-x86_64-debian-gcc | 0.1.21 | 3.47 | 47.37 | 50.84 | NOTE | |
r-devel-linux-x86_64-fedora-clang | 0.1.21 | 81.81 | NOTE | |||
r-devel-linux-x86_64-fedora-gcc | 0.1.21 | 79.79 | NOTE | |||
r-patched-linux-x86_64 | 0.1.21 | 4.49 | 58.72 | 63.21 | NOTE | |
r-release-linux-x86_64 | 0.1.21 | 4.16 | 46.31 | 50.47 | NOTE | |
r-release-macos-arm64 | 0.1.21 | NOTE | ||||
r-release-macos-x86_64 | 0.1.21 | NOTE | ||||
r-release-windows-x86_64 | 0.1.21 | 16.00 | 92.00 | 108.00 | NOTE | |
r-oldrel-macos-arm64 | 0.1.21 | NOTE | ||||
r-oldrel-macos-x86_64 | 0.1.21 | NOTE | ||||
r-oldrel-windows-ix86+x86_64 | 0.1.21 | 9.00 | 56.00 | 65.00 | NOTE |
Version: 0.1.21
Check: LazyData
Result: NOTE
'LazyData' is specified without a 'data' directory
Flavors: r-devel-linux-x86_64-debian-clang, r-devel-linux-x86_64-debian-gcc, r-devel-linux-x86_64-fedora-clang, r-devel-linux-x86_64-fedora-gcc, r-patched-linux-x86_64, r-release-linux-x86_64, r-release-macos-arm64, r-release-macos-x86_64, r-release-windows-x86_64, r-oldrel-macos-arm64, r-oldrel-macos-x86_64, r-oldrel-windows-ix86+x86_64
Version: 0.1.21
Check: for non-standard things in the check directory
Result: NOTE
Found the following files/directories:
'.Rprofile'
Flavors: r-devel-linux-x86_64-debian-clang, r-devel-linux-x86_64-debian-gcc, r-devel-linux-x86_64-fedora-clang, r-devel-linux-x86_64-fedora-gcc, r-patched-linux-x86_64, r-release-linux-x86_64