Last updated on 2022-04-24 03:52:25 CEST.
Flavor | Version | Tinstall | Tcheck | Ttotal | Status | Flags |
---|---|---|---|---|---|---|
r-devel-linux-x86_64-debian-clang | 2.0.2 | 48.14 | 270.50 | 318.64 | OK | |
r-devel-linux-x86_64-debian-gcc | 2.0.2 | 34.94 | 196.30 | 231.24 | OK | |
r-devel-linux-x86_64-fedora-clang | 2.0.2 | 402.88 | NOTE | |||
r-devel-linux-x86_64-fedora-gcc | 2.0.2 | 356.64 | NOTE | |||
r-patched-linux-x86_64 | 2.0.2 | 57.67 | 257.02 | 314.69 | OK | |
r-release-linux-x86_64 | 2.0.2 | 33.41 | 246.94 | 280.35 | OK | |
r-release-macos-arm64 | 2.0.2 | NOTE | ||||
r-release-macos-x86_64 | 2.0.2 | NOTE | ||||
r-release-windows-x86_64 | 2.0.2 | 116.00 | 285.00 | 401.00 | OK | |
r-oldrel-macos-arm64 | 2.0.2 | NOTE | ||||
r-oldrel-macos-x86_64 | 2.0.2 | NOTE | ||||
r-oldrel-windows-ix86+x86_64 | 2.0.2 | 79.00 | 328.00 | 407.00 | OK |
Version: 2.0.2
Check: data for non-ASCII characters
Result: NOTE
Note: found 76 marked UTF-8 strings
Flavors: r-devel-linux-x86_64-fedora-clang, r-devel-linux-x86_64-fedora-gcc, r-release-macos-arm64, r-release-macos-x86_64, r-oldrel-macos-arm64, r-oldrel-macos-x86_64