Last updated on 2022-04-24 03:52:25 CEST.
Flavor | Version | Tinstall | Tcheck | Ttotal | Status | Flags |
---|---|---|---|---|---|---|
r-devel-linux-x86_64-debian-clang | 0.6 | 97.81 | 44.84 | 142.65 | OK | |
r-devel-linux-x86_64-debian-gcc | 0.6 | 85.78 | 34.21 | 119.99 | OK | |
r-devel-linux-x86_64-fedora-clang | 0.6 | 223.60 | NOTE | |||
r-devel-linux-x86_64-fedora-gcc | 0.6 | 191.19 | OK | |||
r-patched-linux-x86_64 | 0.6 | 83.54 | 43.19 | 126.73 | OK | |
r-release-linux-x86_64 | 0.6 | 89.85 | 42.29 | 132.14 | OK | |
r-release-macos-arm64 | 0.6 | NOTE | ||||
r-release-macos-x86_64 | 0.6 | NOTE | ||||
r-release-windows-x86_64 | 0.6 | 104.00 | 82.00 | 186.00 | OK | |
r-oldrel-macos-arm64 | 0.6 | NOTE | ||||
r-oldrel-macos-x86_64 | 0.6 | NOTE | ||||
r-oldrel-windows-ix86+x86_64 | 0.6 | 244.00 | 84.00 | 328.00 | OK |
Version: 0.6
Check: installed package size
Result: NOTE
installed size is 6.6Mb
sub-directories of 1Mb or more:
libs 6.4Mb
Flavors: r-devel-linux-x86_64-fedora-clang, r-release-macos-arm64, r-release-macos-x86_64, r-oldrel-macos-arm64, r-oldrel-macos-x86_64