Last updated on 2022-04-24 03:52:25 CEST.
Flavor | Version | Tinstall | Tcheck | Ttotal | Status | Flags |
---|---|---|---|---|---|---|
r-devel-linux-x86_64-debian-clang | 1.0-9 | 248.52 | 122.27 | 370.79 | OK | |
r-devel-linux-x86_64-debian-gcc | 1.0-9 | 221.18 | 107.32 | 328.50 | OK | |
r-devel-linux-x86_64-fedora-clang | 1.0-9 | 540.59 | NOTE | |||
r-devel-linux-x86_64-fedora-gcc | 1.0-9 | 557.04 | OK | |||
r-patched-linux-x86_64 | 1.0-9 | 226.05 | 138.10 | 364.15 | OK | |
r-release-linux-x86_64 | 1.0-9 | 239.90 | 130.88 | 370.78 | OK | |
r-release-macos-arm64 | 1.0-9 | NOTE | ||||
r-release-macos-x86_64 | 1.0-9 | NOTE | ||||
r-release-windows-x86_64 | 1.0-9 | 147.00 | 159.00 | 306.00 | OK | |
r-oldrel-macos-arm64 | 1.0-9 | NOTE | ||||
r-oldrel-macos-x86_64 | 1.0-9 | NOTE | ||||
r-oldrel-windows-ix86+x86_64 | 1.0-9 | 495.00 | 209.00 | 704.00 | OK |
Version: 1.0-9
Check: installed package size
Result: NOTE
installed size is 62.7Mb
sub-directories of 1Mb or more:
libs 62.4Mb
Flavors: r-devel-linux-x86_64-fedora-clang, r-release-macos-arm64, r-release-macos-x86_64, r-oldrel-macos-arm64, r-oldrel-macos-x86_64