Last updated on 2022-04-24 03:52:25 CEST.
Flavor | Version | Tinstall | Tcheck | Ttotal | Status | Flags |
---|---|---|---|---|---|---|
r-devel-linux-x86_64-debian-clang | 1.0.2 | 6.93 | 87.19 | 94.12 | OK | |
r-devel-linux-x86_64-debian-gcc | 1.0.2 | 5.66 | 64.10 | 69.76 | OK | |
r-devel-linux-x86_64-fedora-clang | 1.0.2 | 110.62 | NOTE | |||
r-devel-linux-x86_64-fedora-gcc | 1.0.2 | 97.27 | NOTE | |||
r-patched-linux-x86_64 | 1.0.2 | 5.80 | 80.47 | 86.27 | OK | |
r-release-linux-x86_64 | 1.0.2 | 3.98 | 76.55 | 80.53 | OK | |
r-release-macos-arm64 | 1.0.2 | NOTE | ||||
r-release-macos-x86_64 | 1.0.2 | NOTE | ||||
r-release-windows-x86_64 | 1.0.2 | 17.00 | 101.00 | 118.00 | OK | |
r-oldrel-macos-arm64 | 1.0.2 | NOTE | ||||
r-oldrel-macos-x86_64 | 1.0.2 | NOTE | ||||
r-oldrel-windows-ix86+x86_64 | 1.0.2 | 17.00 | 91.00 | 108.00 | OK |
Version: 1.0.2
Check: dependencies in R code
Result: NOTE
Namespaces in Imports field not imported from:
‘FastGP’ ‘MASS’ ‘fdapace’
All declared Imports should be used.
Flavors: r-devel-linux-x86_64-fedora-clang, r-devel-linux-x86_64-fedora-gcc, r-release-macos-arm64, r-release-macos-x86_64, r-oldrel-macos-arm64, r-oldrel-macos-x86_64