Last updated on 2022-04-24 03:52:25 CEST.
Flavor | Version | Tinstall | Tcheck | Ttotal | Status | Flags |
---|---|---|---|---|---|---|
r-devel-linux-x86_64-debian-clang | 0.1.2 | 25.79 | 65.18 | 90.97 | OK | |
r-devel-linux-x86_64-debian-gcc | 0.1.2 | 21.03 | 48.81 | 69.84 | OK | |
r-devel-linux-x86_64-fedora-clang | 0.1.2 | 121.18 | OK | |||
r-devel-linux-x86_64-fedora-gcc | 0.1.2 | 98.64 | OK | |||
r-patched-linux-x86_64 | 0.1.2 | 23.47 | 60.97 | 84.44 | OK | |
r-release-linux-x86_64 | 0.1.2 | 15.23 | 59.09 | 74.32 | OK | |
r-release-macos-arm64 | 0.1.2 | OK | ||||
r-release-macos-x86_64 | 0.1.2 | OK | ||||
r-release-windows-x86_64 | 0.1.2 | 41.00 | 112.00 | 153.00 | OK | |
r-oldrel-macos-arm64 | 0.1.2 | OK | ||||
r-oldrel-macos-x86_64 | 0.1.2 | OK | ||||
r-oldrel-windows-ix86+x86_64 | 0.1.2 | 62.00 | 118.00 | 180.00 | NOTE |
Version: 0.1.2
Check: installed package size
Result: NOTE
installed size is 5.4Mb
sub-directories of 1Mb or more:
data 3.3Mb
libs 2.0Mb
Flavor: r-oldrel-windows-ix86+x86_64