Last updated on 2022-04-24 03:52:25 CEST.
Flavor | Version | Tinstall | Tcheck | Ttotal | Status | Flags |
---|---|---|---|---|---|---|
r-devel-linux-x86_64-debian-clang | 0.2.0 | 8.46 | 53.08 | 61.54 | OK | |
r-devel-linux-x86_64-debian-gcc | 0.2.0 | 5.79 | 39.62 | 45.41 | OK | |
r-devel-linux-x86_64-fedora-clang | 0.2.0 | 76.77 | NOTE | |||
r-devel-linux-x86_64-fedora-gcc | 0.2.0 | 60.34 | NOTE | |||
r-patched-linux-x86_64 | 0.2.0 | 7.45 | 50.68 | 58.13 | OK | |
r-release-linux-x86_64 | 0.2.0 | 6.51 | 49.07 | 55.58 | OK | |
r-release-macos-arm64 | 0.2.0 | NOTE | ||||
r-release-macos-x86_64 | 0.2.0 | NOTE | ||||
r-release-windows-x86_64 | 0.2.0 | 64.00 | 79.00 | 143.00 | OK | |
r-oldrel-macos-arm64 | 0.2.0 | NOTE | ||||
r-oldrel-macos-x86_64 | 0.2.0 | NOTE | ||||
r-oldrel-windows-ix86+x86_64 | 0.2.0 | 17.00 | 80.00 | 97.00 | OK |
Version: 0.2.0
Check: data for non-ASCII characters
Result: NOTE
Note: found 75 marked UTF-8 strings
Flavors: r-devel-linux-x86_64-fedora-clang, r-devel-linux-x86_64-fedora-gcc, r-release-macos-arm64, r-release-macos-x86_64, r-oldrel-macos-arm64, r-oldrel-macos-x86_64