Last updated on 2022-04-24 03:52:25 CEST.
Flavor | Version | Tinstall | Tcheck | Ttotal | Status | Flags |
---|---|---|---|---|---|---|
r-devel-linux-x86_64-debian-clang | 0.9.6 | 14.92 | 168.80 | 183.72 | OK | |
r-devel-linux-x86_64-debian-gcc | 0.9.6 | 14.00 | 129.36 | 143.36 | OK | |
r-devel-linux-x86_64-fedora-clang | 0.9.6 | 238.83 | NOTE | |||
r-devel-linux-x86_64-fedora-gcc | 0.9.6 | 221.04 | NOTE | |||
r-patched-linux-x86_64 | 0.9.6 | 16.51 | 165.01 | 181.52 | OK | |
r-release-linux-x86_64 | 0.9.6 | 14.08 | 155.04 | 169.12 | OK | |
r-release-macos-arm64 | 0.9.6 | NOTE | ||||
r-release-macos-x86_64 | 0.9.6 | NOTE | ||||
r-release-windows-x86_64 | 0.9.6 | 78.00 | 237.00 | 315.00 | OK | |
r-oldrel-macos-arm64 | 0.9.6 | NOTE | ||||
r-oldrel-macos-x86_64 | 0.9.6 | NOTE | ||||
r-oldrel-windows-ix86+x86_64 | 0.9.6 | 34.00 | 228.00 | 262.00 | OK |
Version: 0.9.6
Check: package dependencies
Result: NOTE
Imports includes 26 non-default packages.
Importing from so many packages makes the package vulnerable to any of
them becoming unavailable. Move as many as possible to Suggests and
use conditionally.
Flavor: r-devel-linux-x86_64-fedora-clang
Version: 0.9.6
Check: data for non-ASCII characters
Result: NOTE
Note: found 3 marked Latin-1 strings
Note: found 3 marked UTF-8 strings
Flavors: r-devel-linux-x86_64-fedora-clang, r-devel-linux-x86_64-fedora-gcc, r-release-macos-arm64, r-release-macos-x86_64, r-oldrel-macos-arm64, r-oldrel-macos-x86_64