Last updated on 2022-04-24 03:52:25 CEST.
Flavor | Version | Tinstall | Tcheck | Ttotal | Status | Flags |
---|---|---|---|---|---|---|
r-devel-linux-x86_64-debian-clang | 0.1.0 | 4.08 | 109.55 | 113.63 | NOTE | |
r-devel-linux-x86_64-debian-gcc | 0.1.0 | 2.95 | 80.67 | 83.62 | NOTE | |
r-devel-linux-x86_64-fedora-clang | 0.1.0 | 132.38 | NOTE | |||
r-devel-linux-x86_64-fedora-gcc | 0.1.0 | 121.01 | NOTE | |||
r-patched-linux-x86_64 | 0.1.0 | 2.93 | 103.79 | 106.72 | NOTE | |
r-release-linux-x86_64 | 0.1.0 | 3.52 | 99.22 | 102.74 | NOTE | |
r-release-macos-arm64 | 0.1.0 | NOTE | ||||
r-release-macos-x86_64 | 0.1.0 | NOTE | ||||
r-release-windows-x86_64 | 0.1.0 | 16.00 | 126.00 | 142.00 | NOTE | |
r-oldrel-macos-arm64 | 0.1.0 | NOTE | ||||
r-oldrel-macos-x86_64 | 0.1.0 | NOTE | ||||
r-oldrel-windows-ix86+x86_64 | 0.1.0 | 8.00 | 122.00 | 130.00 | NOTE |
Version: 0.1.0
Check: LazyData
Result: NOTE
'LazyData' is specified without a 'data' directory
Flavors: r-devel-linux-x86_64-debian-clang, r-devel-linux-x86_64-debian-gcc, r-devel-linux-x86_64-fedora-clang, r-devel-linux-x86_64-fedora-gcc, r-patched-linux-x86_64, r-release-linux-x86_64, r-release-macos-arm64, r-release-macos-x86_64, r-release-windows-x86_64, r-oldrel-macos-arm64, r-oldrel-macos-x86_64, r-oldrel-windows-ix86+x86_64