Last updated on 2022-04-24 03:52:25 CEST.
Flavor | Version | Tinstall | Tcheck | Ttotal | Status | Flags |
---|---|---|---|---|---|---|
r-devel-linux-x86_64-debian-clang | 0.2.2 | 12.12 | 169.47 | 181.59 | OK | |
r-devel-linux-x86_64-debian-gcc | 0.2.2 | 10.79 | 122.35 | 133.14 | OK | |
r-devel-linux-x86_64-fedora-clang | 0.2.2 | 225.06 | NOTE | |||
r-devel-linux-x86_64-fedora-gcc | 0.2.2 | 216.90 | NOTE | |||
r-patched-linux-x86_64 | 0.2.2 | 11.98 | 160.81 | 172.79 | OK | |
r-release-linux-x86_64 | 0.2.2 | 9.77 | 154.40 | 164.17 | OK | |
r-release-macos-arm64 | 0.2.2 | NOTE | ||||
r-release-macos-x86_64 | 0.2.2 | NOTE | ||||
r-release-windows-x86_64 | 0.2.2 | 39.00 | 190.00 | 229.00 | OK | |
r-oldrel-macos-arm64 | 0.2.2 | NOTE | ||||
r-oldrel-macos-x86_64 | 0.2.2 | NOTE | ||||
r-oldrel-windows-ix86+x86_64 | 0.2.2 | 27.00 | 197.00 | 224.00 | OK |
Version: 0.2.2
Check: dependencies in R code
Result: NOTE
Namespace in Imports field not imported from: ‘scales’
All declared Imports should be used.
Flavors: r-devel-linux-x86_64-fedora-clang, r-devel-linux-x86_64-fedora-gcc, r-release-macos-arm64, r-release-macos-x86_64, r-oldrel-macos-arm64, r-oldrel-macos-x86_64