Last updated on 2022-04-24 03:52:25 CEST.
Flavor | Version | Tinstall | Tcheck | Ttotal | Status | Flags |
---|---|---|---|---|---|---|
r-devel-linux-x86_64-debian-clang | 0.3.5 | 43.58 | 54.50 | 98.08 | NOTE | |
r-devel-linux-x86_64-debian-gcc | 0.3.5 | 41.45 | 41.14 | 82.59 | NOTE | |
r-devel-linux-x86_64-fedora-clang | 0.3.5 | 147.00 | NOTE | |||
r-devel-linux-x86_64-fedora-gcc | 0.3.5 | 123.33 | NOTE | |||
r-patched-linux-x86_64 | 0.3.5 | 45.11 | 51.72 | 96.83 | NOTE | |
r-release-linux-x86_64 | 0.3.5 | 47.30 | 50.28 | 97.58 | NOTE | |
r-release-macos-arm64 | 0.3.5 | NOTE | ||||
r-release-macos-x86_64 | 0.3.5 | NOTE | ||||
r-release-windows-x86_64 | 0.3.5 | 72.00 | 90.00 | 162.00 | NOTE | |
r-oldrel-macos-arm64 | 0.3.5 | NOTE | ||||
r-oldrel-macos-x86_64 | 0.3.5 | NOTE | ||||
r-oldrel-windows-ix86+x86_64 | 0.3.5 | 128.00 | 91.00 | 219.00 | NOTE |
Version: 0.3.5
Check: LazyData
Result: NOTE
'LazyData' is specified without a 'data' directory
Flavors: r-devel-linux-x86_64-debian-clang, r-devel-linux-x86_64-debian-gcc, r-devel-linux-x86_64-fedora-clang, r-devel-linux-x86_64-fedora-gcc, r-patched-linux-x86_64, r-release-linux-x86_64, r-release-macos-arm64, r-release-macos-x86_64, r-release-windows-x86_64, r-oldrel-macos-arm64, r-oldrel-macos-x86_64, r-oldrel-windows-ix86+x86_64