Last updated on 2022-04-24 03:52:25 CEST.
Flavor | Version | Tinstall | Tcheck | Ttotal | Status | Flags |
---|---|---|---|---|---|---|
r-devel-linux-x86_64-debian-clang | 1.1 | 2.47 | 46.41 | 48.88 | NOTE | |
r-devel-linux-x86_64-debian-gcc | 1.1 | 2.49 | 35.27 | 37.76 | NOTE | |
r-devel-linux-x86_64-fedora-clang | 1.1 | 59.44 | NOTE | |||
r-devel-linux-x86_64-fedora-gcc | 1.1 | 47.33 | NOTE | |||
r-patched-linux-x86_64 | 1.1 | 3.50 | 43.81 | 47.31 | NOTE | |
r-release-linux-x86_64 | 1.1 | 3.03 | 38.55 | 41.58 | NOTE | |
r-release-macos-arm64 | 1.1 | OK | ||||
r-release-macos-x86_64 | 1.1 | OK | ||||
r-release-windows-x86_64 | 1.1 | 65.00 | 66.00 | 131.00 | OK | |
r-oldrel-macos-arm64 | 1.1 | OK | ||||
r-oldrel-macos-x86_64 | 1.1 | OK | ||||
r-oldrel-windows-ix86+x86_64 | 1.1 | 7.00 | 49.00 | 56.00 | OK |
Version: 1.1
Check: for non-standard things in the check directory
Result: NOTE
Found the following files/directories:
'treesAll.txt'
Flavors: r-devel-linux-x86_64-debian-clang, r-devel-linux-x86_64-debian-gcc, r-devel-linux-x86_64-fedora-clang, r-devel-linux-x86_64-fedora-gcc, r-patched-linux-x86_64, r-release-linux-x86_64