Last updated on 2022-04-24 03:52:25 CEST.
Flavor | Version | Tinstall | Tcheck | Ttotal | Status | Flags |
---|---|---|---|---|---|---|
r-devel-linux-x86_64-debian-clang | 0.4.4 | 19.49 | 165.69 | 185.18 | NOTE | |
r-devel-linux-x86_64-debian-gcc | 0.4.4 | 15.45 | 123.02 | 138.47 | NOTE | |
r-devel-linux-x86_64-fedora-clang | 0.4.4 | 243.16 | NOTE | |||
r-devel-linux-x86_64-fedora-gcc | 0.4.4 | 231.89 | NOTE | |||
r-patched-linux-x86_64 | 0.4.4 | 17.16 | 156.29 | 173.45 | NOTE | |
r-release-linux-x86_64 | 0.4.4 | 11.63 | 147.13 | 158.76 | NOTE | |
r-release-macos-arm64 | 0.4.4 | NOTE | ||||
r-release-macos-x86_64 | 0.4.4 | NOTE | ||||
r-release-windows-x86_64 | 0.4.4 | 480.00 | 397.00 | 877.00 | NOTE | |
r-oldrel-macos-arm64 | 0.4.4 | NOTE | ||||
r-oldrel-macos-x86_64 | 0.4.4 | NOTE | ||||
r-oldrel-windows-ix86+x86_64 | 0.4.4 | 49.00 | 216.00 | 265.00 | NOTE |
Version: 0.4.4
Check: LazyData
Result: NOTE
'LazyData' is specified without a 'data' directory
Flavors: r-devel-linux-x86_64-debian-clang, r-devel-linux-x86_64-debian-gcc, r-devel-linux-x86_64-fedora-clang, r-devel-linux-x86_64-fedora-gcc, r-patched-linux-x86_64, r-release-linux-x86_64, r-release-macos-arm64, r-release-macos-x86_64, r-release-windows-x86_64, r-oldrel-macos-arm64, r-oldrel-macos-x86_64, r-oldrel-windows-ix86+x86_64
Version: 0.4.4
Check: dependencies in R code
Result: NOTE
Namespaces in Imports field not imported from:
‘magrittr’ ‘testthat’
All declared Imports should be used.
Flavors: r-devel-linux-x86_64-fedora-clang, r-devel-linux-x86_64-fedora-gcc, r-release-macos-arm64, r-release-macos-x86_64, r-oldrel-macos-arm64, r-oldrel-macos-x86_64