Last updated on 2022-04-24 03:52:25 CEST.
Flavor | Version | Tinstall | Tcheck | Ttotal | Status | Flags |
---|---|---|---|---|---|---|
r-devel-linux-x86_64-debian-clang | 0.2.0 | 4.91 | 44.23 | 49.14 | OK | |
r-devel-linux-x86_64-debian-gcc | 0.2.0 | 3.80 | 33.91 | 37.71 | OK | |
r-devel-linux-x86_64-fedora-clang | 0.2.0 | 58.98 | NOTE | |||
r-devel-linux-x86_64-fedora-gcc | 0.2.0 | 47.03 | NOTE | |||
r-patched-linux-x86_64 | 0.2.0 | 4.30 | 41.95 | 46.25 | OK | |
r-release-linux-x86_64 | 0.2.0 | 4.66 | 40.57 | 45.23 | OK | |
r-release-macos-arm64 | 0.2.0 | NOTE | ||||
r-release-macos-x86_64 | 0.2.0 | NOTE | ||||
r-release-windows-x86_64 | 0.2.0 | 59.00 | 60.00 | 119.00 | OK | |
r-oldrel-macos-arm64 | 0.2.0 | NOTE | ||||
r-oldrel-macos-x86_64 | 0.2.0 | NOTE | ||||
r-oldrel-windows-ix86+x86_64 | 0.2.0 | 12.00 | 47.00 | 59.00 | OK |
Version: 0.2.0
Check: dependencies in R code
Result: NOTE
Namespace in Imports field not imported from: ‘methods’
All declared Imports should be used.
Flavors: r-devel-linux-x86_64-fedora-clang, r-devel-linux-x86_64-fedora-gcc, r-release-macos-arm64, r-release-macos-x86_64, r-oldrel-macos-arm64, r-oldrel-macos-x86_64
Version: 0.2.0
Check: data for non-ASCII characters
Result: NOTE
Note: found 43825 marked UTF-8 strings
Flavors: r-devel-linux-x86_64-fedora-clang, r-devel-linux-x86_64-fedora-gcc, r-release-macos-arm64, r-release-macos-x86_64, r-oldrel-macos-arm64, r-oldrel-macos-x86_64