Last updated on 2022-04-24 03:52:25 CEST.
Flavor | Version | Tinstall | Tcheck | Ttotal | Status | Flags |
---|---|---|---|---|---|---|
r-devel-linux-x86_64-debian-clang | 4.0.5 | 45.05 | 116.89 | 161.94 | WARN | |
r-devel-linux-x86_64-debian-gcc | 4.0.5 | 40.66 | 87.11 | 127.77 | WARN | |
r-devel-linux-x86_64-fedora-clang | 4.0.5 | 201.38 | WARN | |||
r-devel-linux-x86_64-fedora-gcc | 4.0.5 | 203.84 | WARN | |||
r-patched-linux-x86_64 | 4.0.5 | 46.30 | 112.06 | 158.36 | OK | |
r-release-linux-x86_64 | 4.0.5 | 39.69 | 111.52 | 151.21 | OK | |
r-release-macos-arm64 | 4.0.5 | OK | ||||
r-release-macos-x86_64 | 4.0.5 | OK | ||||
r-release-windows-x86_64 | 4.0.5 | 122.00 | 155.00 | 277.00 | OK | |
r-oldrel-macos-arm64 | 4.0.5 | OK | ||||
r-oldrel-macos-x86_64 | 4.0.5 | OK | ||||
r-oldrel-windows-ix86+x86_64 | 4.0.5 | 109.00 | 161.00 | 270.00 | OK |
Version: 4.0.5
Check: Rd files
Result: WARN
checkRd: (7) ff.rd:262: invalid email address: christian\_glaeser@gmx.de
Flavors: r-devel-linux-x86_64-debian-clang, r-devel-linux-x86_64-debian-gcc, r-devel-linux-x86_64-fedora-clang, r-devel-linux-x86_64-fedora-gcc