Last updated on 2022-04-24 03:52:25 CEST.
Flavor | Version | Tinstall | Tcheck | Ttotal | Status | Flags |
---|---|---|---|---|---|---|
r-devel-linux-x86_64-debian-clang | 1.4.7 | 9.34 | 189.03 | 198.37 | OK | |
r-devel-linux-x86_64-debian-gcc | 1.4.7 | 6.93 | 139.41 | 146.34 | OK | |
r-devel-linux-x86_64-fedora-clang | 1.4.7 | 247.63 | NOTE | |||
r-devel-linux-x86_64-fedora-gcc | 1.4.7 | 239.96 | NOTE | |||
r-patched-linux-x86_64 | 1.4.7 | 8.97 | 180.18 | 189.15 | OK | |
r-release-linux-x86_64 | 1.4.7 | 8.23 | 202.09 | 210.32 | OK | |
r-release-macos-arm64 | 1.4.7 | NOTE | ||||
r-release-macos-x86_64 | 1.4.7 | NOTE | ||||
r-release-windows-x86_64 | 1.4.7 | 82.00 | 275.00 | 357.00 | OK | |
r-oldrel-macos-arm64 | 1.4.7 | NOTE | ||||
r-oldrel-macos-x86_64 | 1.4.7 | NOTE | ||||
r-oldrel-windows-ix86+x86_64 | 1.4.7 | 16.00 | 271.00 | 287.00 | OK |
Version: 1.4.7
Check: dependencies in R code
Result: NOTE
Namespace in Imports field not imported from: ‘nflreadr’
All declared Imports should be used.
Flavors: r-devel-linux-x86_64-fedora-clang, r-devel-linux-x86_64-fedora-gcc, r-release-macos-arm64, r-release-macos-x86_64, r-oldrel-macos-arm64, r-oldrel-macos-x86_64