Last updated on 2022-04-24 03:52:25 CEST.
Flavor | Version | Tinstall | Tcheck | Ttotal | Status | Flags |
---|---|---|---|---|---|---|
r-devel-linux-x86_64-debian-clang | 1.1.14 | 6.81 | 147.23 | 154.04 | NOTE | |
r-devel-linux-x86_64-debian-gcc | 1.1.14 | 5.78 | 106.05 | 111.83 | NOTE | |
r-devel-linux-x86_64-fedora-clang | 1.1.14 | 177.33 | NOTE | |||
r-devel-linux-x86_64-fedora-gcc | 1.1.14 | 160.99 | NOTE | |||
r-patched-linux-x86_64 | 1.1.14 | 11.94 | 135.22 | 147.16 | NOTE | |
r-release-linux-x86_64 | 1.1.14 | 4.09 | 134.90 | 138.99 | NOTE | |
r-release-macos-arm64 | 1.1.14 | NOTE | ||||
r-release-macos-x86_64 | 1.1.14 | NOTE | ||||
r-release-windows-x86_64 | 1.1.14 | 53.00 | 160.00 | 213.00 | NOTE | |
r-oldrel-macos-arm64 | 1.1.14 | NOTE | ||||
r-oldrel-macos-x86_64 | 1.1.14 | NOTE | ||||
r-oldrel-windows-ix86+x86_64 | 1.1.14 | 16.00 | 152.00 | 168.00 | NOTE |
Version: 1.1.14
Check: LazyData
Result: NOTE
'LazyData' is specified without a 'data' directory
Flavors: r-devel-linux-x86_64-debian-clang, r-devel-linux-x86_64-debian-gcc, r-devel-linux-x86_64-fedora-clang, r-devel-linux-x86_64-fedora-gcc, r-patched-linux-x86_64, r-release-linux-x86_64, r-release-macos-arm64, r-release-macos-x86_64, r-release-windows-x86_64, r-oldrel-macos-arm64, r-oldrel-macos-x86_64, r-oldrel-windows-ix86+x86_64