Last updated on 2022-04-24 03:52:25 CEST.
Flavor | Version | Tinstall | Tcheck | Ttotal | Status | Flags |
---|---|---|---|---|---|---|
r-devel-linux-x86_64-debian-clang | 1.0 | 13.19 | 118.58 | 131.77 | NOTE | |
r-devel-linux-x86_64-debian-gcc | 1.0 | 9.87 | 88.81 | 98.68 | NOTE | |
r-devel-linux-x86_64-fedora-clang | 1.0 | 156.46 | NOTE | |||
r-devel-linux-x86_64-fedora-gcc | 1.0 | 141.71 | NOTE | |||
r-patched-linux-x86_64 | 1.0 | 9.67 | 112.90 | 122.57 | NOTE | |
r-release-linux-x86_64 | 1.0 | 7.18 | 104.37 | 111.55 | NOTE | |
r-release-macos-arm64 | 1.0 | NOTE | ||||
r-release-macos-x86_64 | 1.0 | NOTE | ||||
r-release-windows-x86_64 | 1.0 | 16.00 | 133.00 | 149.00 | NOTE | |
r-oldrel-macos-arm64 | 1.0 | NOTE | ||||
r-oldrel-macos-x86_64 | 1.0 | NOTE | ||||
r-oldrel-windows-ix86+x86_64 | 1.0 | 28.00 | 119.00 | 147.00 | NOTE |
Version: 1.0
Check: LazyData
Result: NOTE
'LazyData' is specified without a 'data' directory
Flavors: r-devel-linux-x86_64-debian-clang, r-devel-linux-x86_64-debian-gcc, r-devel-linux-x86_64-fedora-clang, r-devel-linux-x86_64-fedora-gcc, r-patched-linux-x86_64, r-release-linux-x86_64, r-release-macos-arm64, r-release-macos-x86_64, r-release-windows-x86_64, r-oldrel-macos-arm64, r-oldrel-macos-x86_64, r-oldrel-windows-ix86+x86_64