Last updated on 2022-04-24 03:52:25 CEST.
Flavor | Version | Tinstall | Tcheck | Ttotal | Status | Flags |
---|---|---|---|---|---|---|
r-devel-linux-x86_64-debian-clang | 1.0.1 | 7.67 | 70.41 | 78.08 | OK | |
r-devel-linux-x86_64-debian-gcc | 1.0.1 | 5.11 | 52.53 | 57.64 | OK | |
r-devel-linux-x86_64-fedora-clang | 1.0.1 | 96.26 | NOTE | |||
r-devel-linux-x86_64-fedora-gcc | 1.0.1 | 80.45 | NOTE | |||
r-patched-linux-x86_64 | 1.0.1 | 7.03 | 66.88 | 73.91 | OK | |
r-release-linux-x86_64 | 1.0.1 | 6.72 | 68.21 | 74.93 | OK | |
r-release-macos-arm64 | 1.0.1 | NOTE | ||||
r-release-macos-x86_64 | 1.0.1 | NOTE | ||||
r-release-windows-x86_64 | 1.0.1 | 90.00 | 94.00 | 184.00 | OK | |
r-oldrel-macos-arm64 | 1.0.1 | NOTE | ||||
r-oldrel-macos-x86_64 | 1.0.1 | NOTE | ||||
r-oldrel-windows-ix86+x86_64 | 1.0.1 | 16.00 | 79.00 | 95.00 | OK |
Version: 1.0.1
Check: dependencies in R code
Result: NOTE
Namespace in Imports field not imported from: ‘plyr’
All declared Imports should be used.
Flavors: r-devel-linux-x86_64-fedora-clang, r-devel-linux-x86_64-fedora-gcc, r-release-macos-arm64, r-release-macos-x86_64, r-oldrel-macos-arm64, r-oldrel-macos-x86_64