Last updated on 2022-04-24 03:52:25 CEST.
Flavor | Version | Tinstall | Tcheck | Ttotal | Status | Flags |
---|---|---|---|---|---|---|
r-devel-linux-x86_64-debian-clang | 0.1.3 | 108.75 | 78.04 | 186.79 | OK | |
r-devel-linux-x86_64-debian-gcc | 0.1.3 | 83.41 | 53.56 | 136.97 | OK | |
r-devel-linux-x86_64-fedora-clang | 0.1.3 | 262.78 | OK | |||
r-devel-linux-x86_64-fedora-gcc | 0.1.3 | 221.10 | OK | |||
r-patched-linux-x86_64 | 0.1.3 | 88.39 | 70.75 | 159.14 | OK | |
r-release-linux-x86_64 | 0.1.3 | 89.43 | 69.61 | 159.04 | OK | |
r-release-macos-arm64 | 0.1.3 | NOTE | ||||
r-release-macos-x86_64 | 0.1.3 | OK | ||||
r-release-windows-x86_64 | 0.1.3 | 117.00 | 114.00 | 231.00 | OK | |
r-oldrel-macos-arm64 | 0.1.3 | NOTE | ||||
r-oldrel-macos-x86_64 | 0.1.3 | OK | ||||
r-oldrel-windows-ix86+x86_64 | 0.1.3 | 262.00 | 132.00 | 394.00 | OK |
Version: 0.1.3
Check: installed package size
Result: NOTE
installed size is 5.4Mb
sub-directories of 1Mb or more:
libs 5.0Mb
Flavors: r-release-macos-arm64, r-oldrel-macos-arm64