Last updated on 2022-04-24 03:52:25 CEST.
Flavor | Version | Tinstall | Tcheck | Ttotal | Status | Flags |
---|---|---|---|---|---|---|
r-devel-linux-x86_64-debian-clang | 1.0.2 | 2.72 | 31.09 | 33.81 | NOTE | |
r-devel-linux-x86_64-debian-gcc | 1.0.2 | 2.08 | 23.89 | 25.97 | NOTE | |
r-devel-linux-x86_64-fedora-clang | 1.0.2 | 41.49 | NOTE | |||
r-devel-linux-x86_64-fedora-gcc | 1.0.2 | 30.01 | NOTE | |||
r-patched-linux-x86_64 | 1.0.2 | 2.88 | 29.73 | 32.61 | NOTE | |
r-release-linux-x86_64 | 1.0.2 | 2.35 | 29.60 | 31.95 | NOTE | |
r-release-macos-arm64 | 1.0.2 | NOTE | ||||
r-release-macos-x86_64 | 1.0.2 | NOTE | ||||
r-release-windows-x86_64 | 1.0.2 | 21.00 | 55.00 | 76.00 | NOTE | |
r-oldrel-macos-arm64 | 1.0.2 | NOTE | ||||
r-oldrel-macos-x86_64 | 1.0.2 | NOTE | ||||
r-oldrel-windows-ix86+x86_64 | 1.0.2 | 20.00 | 41.00 | 61.00 | NOTE |
Version: 1.0.2
Check: LazyData
Result: NOTE
'LazyData' is specified without a 'data' directory
Flavors: r-devel-linux-x86_64-debian-clang, r-devel-linux-x86_64-debian-gcc, r-devel-linux-x86_64-fedora-clang, r-devel-linux-x86_64-fedora-gcc, r-patched-linux-x86_64, r-release-linux-x86_64, r-release-macos-arm64, r-release-macos-x86_64, r-release-windows-x86_64, r-oldrel-macos-arm64, r-oldrel-macos-x86_64, r-oldrel-windows-ix86+x86_64