Last updated on 2022-04-24 03:52:25 CEST.
Flavor | Version | Tinstall | Tcheck | Ttotal | Status | Flags |
---|---|---|---|---|---|---|
r-devel-linux-x86_64-debian-clang | 0.2.0 | 17.82 | 318.53 | 336.35 | OK | |
r-devel-linux-x86_64-debian-gcc | 0.2.0 | 14.56 | 232.81 | 247.37 | OK | |
r-devel-linux-x86_64-fedora-clang | 0.2.0 | 399.73 | NOTE | |||
r-devel-linux-x86_64-fedora-gcc | 0.2.0 | 363.88 | NOTE | |||
r-patched-linux-x86_64 | 0.2.0 | 18.60 | 290.76 | 309.36 | OK | |
r-release-linux-x86_64 | 0.2.0 | 10.67 | 281.21 | 291.88 | OK | |
r-release-macos-arm64 | 0.2.0 | NOTE | ||||
r-release-macos-x86_64 | 0.2.0 | NOTE | ||||
r-release-windows-x86_64 | 0.2.0 | 44.00 | 306.00 | 350.00 | OK | |
r-oldrel-macos-arm64 | 0.2.0 | NOTE | ||||
r-oldrel-macos-x86_64 | 0.2.0 | NOTE | ||||
r-oldrel-windows-ix86+x86_64 | 0.2.0 | 38.00 | 322.00 | 360.00 | OK |
Version: 0.2.0
Check: dependencies in R code
Result: NOTE
Namespace in Imports field not imported from: ‘vctrs’
All declared Imports should be used.
Flavors: r-devel-linux-x86_64-fedora-clang, r-devel-linux-x86_64-fedora-gcc, r-release-macos-arm64, r-release-macos-x86_64, r-oldrel-macos-arm64, r-oldrel-macos-x86_64