Last updated on 2022-04-24 03:52:25 CEST.
Flavor | Version | Tinstall | Tcheck | Ttotal | Status | Flags |
---|---|---|---|---|---|---|
r-devel-linux-x86_64-debian-clang | 1.1 | 45.61 | 188.07 | 233.68 | OK | |
r-devel-linux-x86_64-debian-gcc | 1.1 | 34.53 | 137.85 | 172.38 | OK | |
r-devel-linux-x86_64-fedora-clang | 1.1 | 312.59 | NOTE | |||
r-devel-linux-x86_64-fedora-gcc | 1.1 | 264.10 | NOTE | |||
r-patched-linux-x86_64 | 1.1 | 40.83 | 178.15 | 218.98 | OK | |
r-release-linux-x86_64 | 1.1 | 33.30 | 152.54 | 185.84 | OK | |
r-release-macos-arm64 | 1.1 | NOTE | ||||
r-release-macos-x86_64 | 1.1 | NOTE | ||||
r-release-windows-x86_64 | 1.1 | 46.00 | 187.00 | 233.00 | OK | |
r-oldrel-macos-arm64 | 1.1 | NOTE | ||||
r-oldrel-macos-x86_64 | 1.1 | NOTE | ||||
r-oldrel-windows-ix86+x86_64 | 1.1 | 94.00 | 226.00 | 320.00 | OK |
Version: 1.1
Check: dependencies in R code
Result: NOTE
Namespace in Imports field not imported from: ‘RcppProgress’
All declared Imports should be used.
Flavors: r-devel-linux-x86_64-fedora-clang, r-devel-linux-x86_64-fedora-gcc, r-release-macos-arm64, r-release-macos-x86_64, r-oldrel-macos-arm64, r-oldrel-macos-x86_64