Last updated on 2022-04-24 03:52:25 CEST.
Flavor | Version | Tinstall | Tcheck | Ttotal | Status | Flags |
---|---|---|---|---|---|---|
r-devel-linux-x86_64-debian-clang | 0.1.1 | 37.68 | 779.57 | 817.25 | OK | |
r-devel-linux-x86_64-debian-gcc | 0.1.1 | 31.40 | 565.21 | 596.61 | OK | |
r-devel-linux-x86_64-fedora-clang | 0.1.1 | 1006.53 | NOTE | |||
r-devel-linux-x86_64-fedora-gcc | 0.1.1 | 973.18 | OK | |||
r-patched-linux-x86_64 | 0.1.1 | 32.86 | 706.47 | 739.33 | OK | |
r-release-linux-x86_64 | 0.1.1 | 0.56 | 11.39 | 11.95 | ERROR | |
r-release-macos-arm64 | 0.1.1 | OK | ||||
r-release-macos-x86_64 | 0.1.1 | OK | ||||
r-release-windows-x86_64 | 0.1.1 | 58.00 | 744.00 | 802.00 | OK | |
r-oldrel-macos-arm64 | 0.1.1 | OK | ||||
r-oldrel-macos-x86_64 | 0.1.1 | OK | ||||
r-oldrel-windows-ix86+x86_64 | 0.1.1 | 85.00 | 826.00 | 911.00 | OK |
Version: 0.1.1
Check: package dependencies
Result: NOTE
Imports includes 29 non-default packages.
Importing from so many packages makes the package vulnerable to any of
them becoming unavailable. Move as many as possible to Suggests and
use conditionally.
Flavor: r-devel-linux-x86_64-fedora-clang
Version: 0.1.1
Check: package dependencies
Result: ERROR
Packages required but not available:
'modeltime', 'modeltime.gluonts', 'modeltime.resample'
See section ‘The DESCRIPTION file’ in the ‘Writing R Extensions’
manual.
Flavor: r-release-linux-x86_64