Last updated on 2022-04-24 03:52:25 CEST.
Flavor | Version | Tinstall | Tcheck | Ttotal | Status | Flags |
---|---|---|---|---|---|---|
r-devel-linux-x86_64-debian-clang | 0.29 | 6.48 | 35.45 | 41.93 | OK | |
r-devel-linux-x86_64-debian-gcc | 0.29 | 4.65 | 27.59 | 32.24 | OK | |
r-devel-linux-x86_64-fedora-clang | 0.29 | 51.58 | NOTE | |||
r-devel-linux-x86_64-fedora-gcc | 0.29 | 38.90 | NOTE | |||
r-patched-linux-x86_64 | 0.29 | 6.06 | 34.32 | 40.38 | OK | |
r-release-linux-x86_64 | 0.29 | 5.59 | 34.96 | 40.55 | OK | |
r-release-macos-arm64 | 0.29 | OK | ||||
r-release-macos-x86_64 | 0.29 | OK | ||||
r-release-windows-x86_64 | 0.29 | 20.00 | 58.00 | 78.00 | OK | |
r-oldrel-macos-arm64 | 0.29 | OK | ||||
r-oldrel-macos-x86_64 | 0.29 | OK | ||||
r-oldrel-windows-ix86+x86_64 | 0.29 | 13.00 | 38.00 | 51.00 | OK |
Version: 0.29
Check: compiled code
Result: NOTE
File ‘fishMod/libs/fishMod.so’:
Found no calls to: ‘R_registerRoutines’, ‘R_useDynamicSymbols’
It is good practice to register native routines and to disable symbol
search.
See ‘Writing portable packages’ in the ‘Writing R Extensions’ manual.
Flavors: r-devel-linux-x86_64-fedora-clang, r-devel-linux-x86_64-fedora-gcc