Last updated on 2022-04-24 03:52:25 CEST.
Flavor | Version | Tinstall | Tcheck | Ttotal | Status | Flags |
---|---|---|---|---|---|---|
r-devel-linux-x86_64-debian-clang | 1.2 | 3.39 | 38.57 | 41.96 | OK | |
r-devel-linux-x86_64-debian-gcc | 1.2 | 2.61 | 29.41 | 32.02 | OK | |
r-devel-linux-x86_64-fedora-clang | 1.2 | 49.74 | NOTE | |||
r-devel-linux-x86_64-fedora-gcc | 1.2 | 37.58 | OK | |||
r-patched-linux-x86_64 | 1.2 | 2.83 | 36.49 | 39.32 | OK | |
r-release-linux-x86_64 | 1.2 | 3.03 | 36.36 | 39.39 | OK | |
r-release-macos-arm64 | 1.2 | OK | ||||
r-release-macos-x86_64 | 1.2 | OK | ||||
r-release-windows-x86_64 | 1.2 | 21.00 | 57.00 | 78.00 | OK | |
r-oldrel-macos-arm64 | 1.2 | OK | ||||
r-oldrel-macos-x86_64 | 1.2 | OK | ||||
r-oldrel-windows-ix86+x86_64 | 1.2 | 7.00 | 43.00 | 50.00 | OK |
Version: 1.2
Check: Rd cross-references
Result: NOTE
Undeclared package ‘conicfit’ in Rd xrefs
Flavor: r-devel-linux-x86_64-fedora-clang