Last updated on 2022-04-24 03:52:25 CEST.
Flavor | Version | Tinstall | Tcheck | Ttotal | Status | Flags |
---|---|---|---|---|---|---|
r-devel-linux-x86_64-debian-clang | 0.1.3 | 12.07 | 215.39 | 227.46 | OK | |
r-devel-linux-x86_64-debian-gcc | 0.1.3 | 8.73 | 145.25 | 153.98 | OK | |
r-devel-linux-x86_64-fedora-clang | 0.1.3 | 272.95 | OK | |||
r-devel-linux-x86_64-fedora-gcc | 0.1.3 | 3.45 | ERROR | |||
r-patched-linux-x86_64 | 0.1.3 | 9.70 | 203.47 | 213.17 | OK | |
r-release-linux-x86_64 | 0.1.3 | 9.85 | 198.97 | 208.82 | OK | |
r-release-macos-arm64 | 0.1.3 | OK | ||||
r-release-macos-x86_64 | 0.1.3 | ERROR | ||||
r-release-windows-x86_64 | 0.1.3 | 32.00 | 207.00 | 239.00 | OK | |
r-oldrel-macos-arm64 | 0.1.3 | OK | ||||
r-oldrel-macos-x86_64 | 0.1.3 | ERROR | ||||
r-oldrel-windows-ix86+x86_64 | 0.1.3 | 22.00 | 229.00 | 251.00 | OK |
Version: 0.1.3
Check: package dependencies
Result: ERROR
Package required but not available: ‘ghyp’
See section ‘The DESCRIPTION file’ in the ‘Writing R Extensions’
manual.
Flavor: r-devel-linux-x86_64-fedora-gcc
Version: 0.1.3
Check: tests
Result: ERROR
Running ‘testthat.R’ [29s/29s]
Running the tests in ‘tests/testthat.R’ failed.
Last 13 lines of output:
> library(testthat)
> library(fitHeavyTail)
>
> test_check("fitHeavyTail")
[ FAIL 1 | WARN 0 | SKIP 0 | PASS 71 ]
══ Failed tests ════════════════════════════════════════════════════════════════
── Failure (test-fit_mvst.R:43:3): default mode works ──────────────────────────
...[] not equal to ...[].
Component "num_iterations": Mean relative difference: 0.002739726
[ FAIL 1 | WARN 0 | SKIP 0 | PASS 71 ]
Error: Test failures
Execution halted
Flavors: r-release-macos-x86_64, r-oldrel-macos-x86_64