Last updated on 2022-04-24 03:52:25 CEST.
Flavor | Version | Tinstall | Tcheck | Ttotal | Status | Flags |
---|---|---|---|---|---|---|
r-devel-linux-x86_64-debian-clang | 1.0.4 | 37.34 | 395.79 | 433.13 | OK | |
r-devel-linux-x86_64-debian-gcc | 1.0.4 | 32.83 | 291.72 | 324.55 | OK | |
r-devel-linux-x86_64-fedora-clang | 1.0.4 | 532.62 | NOTE | |||
r-devel-linux-x86_64-fedora-gcc | 1.0.4 | 485.92 | OK | |||
r-patched-linux-x86_64 | 1.0.4 | 32.37 | 368.67 | 401.04 | OK | |
r-release-linux-x86_64 | 1.0.4 | 30.45 | 344.29 | 374.74 | OK | |
r-release-macos-arm64 | 1.0.4 | NOTE | ||||
r-release-macos-x86_64 | 1.0.4 | NOTE | ||||
r-release-windows-x86_64 | 1.0.4 | 56.00 | 382.00 | 438.00 | NOTE | |
r-oldrel-macos-arm64 | 1.0.4 | NOTE | ||||
r-oldrel-macos-x86_64 | 1.0.4 | NOTE | ||||
r-oldrel-windows-ix86+x86_64 | 1.0.4 | 83.00 | 380.00 | 463.00 | NOTE |
Version: 1.0.4
Check: package dependencies
Result: NOTE
Imports includes 22 non-default packages.
Importing from so many packages makes the package vulnerable to any of
them becoming unavailable. Move as many as possible to Suggests and
use conditionally.
Flavor: r-devel-linux-x86_64-fedora-clang
Version: 1.0.4
Check: installed package size
Result: NOTE
installed size is 5.3Mb
sub-directories of 1Mb or more:
doc 4.1Mb
Flavors: r-devel-linux-x86_64-fedora-clang, r-release-macos-arm64, r-release-macos-x86_64, r-release-windows-x86_64, r-oldrel-macos-arm64, r-oldrel-macos-x86_64, r-oldrel-windows-ix86+x86_64