Last updated on 2022-04-24 03:52:25 CEST.
Flavor | Version | Tinstall | Tcheck | Ttotal | Status | Flags |
---|---|---|---|---|---|---|
r-devel-linux-x86_64-debian-clang | 0.2.0 | 6.47 | 71.29 | 77.76 | OK | |
r-devel-linux-x86_64-debian-gcc | 0.2.0 | 5.49 | 52.39 | 57.88 | OK | |
r-devel-linux-x86_64-fedora-clang | 0.2.0 | 101.13 | NOTE | |||
r-devel-linux-x86_64-fedora-gcc | 0.2.0 | 82.73 | NOTE | |||
r-patched-linux-x86_64 | 0.2.0 | 6.94 | 65.25 | 72.19 | OK | |
r-release-linux-x86_64 | 0.2.0 | 5.65 | 63.73 | 69.38 | OK | |
r-release-macos-arm64 | 0.2.0 | NOTE | ||||
r-release-macos-x86_64 | 0.2.0 | NOTE | ||||
r-release-windows-x86_64 | 0.2.0 | 24.00 | 88.00 | 112.00 | OK | |
r-oldrel-macos-arm64 | 0.2.0 | NOTE | ||||
r-oldrel-macos-x86_64 | 0.2.0 | NOTE | ||||
r-oldrel-windows-ix86+x86_64 | 0.2.0 | 16.00 | 77.00 | 93.00 | OK |
Version: 0.2.0
Check: dependencies in R code
Result: NOTE
Namespace in Imports field not imported from: ‘jsonlite’
All declared Imports should be used.
Flavors: r-devel-linux-x86_64-fedora-clang, r-devel-linux-x86_64-fedora-gcc, r-release-macos-arm64, r-release-macos-x86_64, r-oldrel-macos-arm64, r-oldrel-macos-x86_64