Last updated on 2022-04-24 03:52:25 CEST.
Flavor | Version | Tinstall | Tcheck | Ttotal | Status | Flags |
---|---|---|---|---|---|---|
r-devel-linux-x86_64-debian-clang | 0.6.2 | 6.50 | 73.28 | 79.78 | NOTE | |
r-devel-linux-x86_64-debian-gcc | 0.6.2 | 7.09 | 56.32 | 63.41 | NOTE | |
r-devel-linux-x86_64-fedora-clang | 0.6.2 | 100.85 | NOTE | |||
r-devel-linux-x86_64-fedora-gcc | 0.6.2 | 83.79 | NOTE | |||
r-patched-linux-x86_64 | 0.6.2 | 9.53 | 68.76 | 78.29 | NOTE | |
r-release-linux-x86_64 | 0.6.2 | 9.08 | 70.72 | 79.80 | NOTE | |
r-release-macos-arm64 | 0.6.2 | NOTE | ||||
r-release-macos-x86_64 | 0.6.2 | NOTE | ||||
r-release-windows-x86_64 | 0.6.2 | 259.00 | 119.00 | 378.00 | NOTE | |
r-oldrel-macos-arm64 | 0.6.2 | NOTE | ||||
r-oldrel-macos-x86_64 | 0.6.2 | NOTE | ||||
r-oldrel-windows-ix86+x86_64 | 0.6.2 | 15.00 | 85.00 | 100.00 | NOTE |
Version: 0.6.2
Check: package dependencies
Result: NOTE
Package suggested but not available for checking: 'fivethirtyeightdata'
Flavors: r-devel-linux-x86_64-debian-clang, r-devel-linux-x86_64-debian-gcc, r-devel-linux-x86_64-fedora-clang, r-devel-linux-x86_64-fedora-gcc, r-patched-linux-x86_64, r-release-linux-x86_64, r-release-macos-arm64, r-release-macos-x86_64, r-release-windows-x86_64, r-oldrel-macos-arm64, r-oldrel-macos-x86_64, r-oldrel-windows-ix86+x86_64
Version: 0.6.2
Check: Rd cross-references
Result: NOTE
Package unavailable to check Rd xrefs: 'fivethirtyeightdata'
Flavors: r-devel-linux-x86_64-debian-clang, r-devel-linux-x86_64-debian-gcc, r-devel-linux-x86_64-fedora-clang, r-devel-linux-x86_64-fedora-gcc, r-patched-linux-x86_64, r-release-linux-x86_64, r-release-macos-arm64, r-release-macos-x86_64, r-release-windows-x86_64, r-oldrel-macos-arm64, r-oldrel-macos-x86_64, r-oldrel-windows-ix86+x86_64
Version: 0.6.2
Check: installed package size
Result: NOTE
installed size is 5.0Mb
sub-directories of 1Mb or more:
data 3.8Mb
Flavors: r-devel-linux-x86_64-fedora-clang, r-release-windows-x86_64
Version: 0.6.2
Check: data for non-ASCII characters
Result: NOTE
Note: found 584 marked UTF-8 strings
Flavors: r-devel-linux-x86_64-fedora-clang, r-devel-linux-x86_64-fedora-gcc, r-release-macos-arm64, r-release-macos-x86_64, r-oldrel-macos-arm64, r-oldrel-macos-x86_64