Last updated on 2022-04-24 03:52:25 CEST.
Flavor | Version | Tinstall | Tcheck | Ttotal | Status | Flags |
---|---|---|---|---|---|---|
r-devel-linux-x86_64-debian-clang | 0.10.4 | 141.92 | 329.86 | 471.78 | OK | |
r-devel-linux-x86_64-debian-gcc | 0.10.4 | 114.43 | 296.50 | 410.93 | OK | |
r-devel-linux-x86_64-fedora-clang | 0.10.4 | 607.33 | NOTE | |||
r-devel-linux-x86_64-fedora-gcc | 0.10.4 | 563.68 | OK | |||
r-patched-linux-x86_64 | 0.10.4 | 120.10 | 308.38 | 428.48 | OK | |
r-release-linux-x86_64 | 0.10.4 | 121.33 | 316.08 | 437.41 | OK | |
r-release-macos-arm64 | 0.10.4 | NOTE | ||||
r-release-macos-x86_64 | 0.10.4 | NOTE | ||||
r-release-windows-x86_64 | 0.10.4 | 157.00 | 337.00 | 494.00 | NOTE | |
r-oldrel-macos-arm64 | 0.10.4 | NOTE | ||||
r-oldrel-macos-x86_64 | 0.10.4 | NOTE | ||||
r-oldrel-windows-ix86+x86_64 | 0.10.4 | 281.00 | 447.00 | 728.00 | NOTE |
Version: 0.10.4
Check: installed package size
Result: NOTE
installed size is 10.1Mb
sub-directories of 1Mb or more:
R 1.3Mb
doc 3.6Mb
libs 4.2Mb
Flavors: r-devel-linux-x86_64-fedora-clang, r-release-macos-arm64, r-release-macos-x86_64, r-release-windows-x86_64, r-oldrel-macos-arm64, r-oldrel-macos-x86_64, r-oldrel-windows-ix86+x86_64