Last updated on 2022-04-24 03:52:25 CEST.
Flavor | Version | Tinstall | Tcheck | Ttotal | Status | Flags |
---|---|---|---|---|---|---|
r-devel-linux-x86_64-debian-clang | 0.0.2 | 3.81 | 49.33 | 53.14 | NOTE | |
r-devel-linux-x86_64-debian-gcc | 0.0.2 | 3.35 | 38.12 | 41.47 | NOTE | |
r-devel-linux-x86_64-fedora-clang | 0.0.2 | 64.19 | NOTE | |||
r-devel-linux-x86_64-fedora-gcc | 0.0.2 | 53.30 | NOTE | |||
r-patched-linux-x86_64 | 0.0.2 | 3.40 | 47.34 | 50.74 | NOTE | |
r-release-linux-x86_64 | 0.0.2 | 2.67 | 45.81 | 48.48 | NOTE | |
r-release-macos-arm64 | 0.0.2 | NOTE | ||||
r-release-macos-x86_64 | 0.0.2 | NOTE | ||||
r-release-windows-x86_64 | 0.0.2 | 21.00 | 70.00 | 91.00 | NOTE | |
r-oldrel-macos-arm64 | 0.0.2 | NOTE | ||||
r-oldrel-macos-x86_64 | 0.0.2 | NOTE | ||||
r-oldrel-windows-ix86+x86_64 | 0.0.2 | 10.00 | 56.00 | 66.00 | NOTE |
Version: 0.0.2
Check: LazyData
Result: NOTE
'LazyData' is specified without a 'data' directory
Flavors: r-devel-linux-x86_64-debian-clang, r-devel-linux-x86_64-debian-gcc, r-devel-linux-x86_64-fedora-clang, r-devel-linux-x86_64-fedora-gcc, r-patched-linux-x86_64, r-release-linux-x86_64, r-release-macos-arm64, r-release-macos-x86_64, r-release-windows-x86_64, r-oldrel-macos-arm64, r-oldrel-macos-x86_64, r-oldrel-windows-ix86+x86_64
Version: 0.0.2
Check: dependencies in R code
Result: NOTE
Namespaces in Imports field not imported from:
‘dplyr’ ‘evaluate’ ‘ggplot2’
All declared Imports should be used.
Flavors: r-devel-linux-x86_64-fedora-clang, r-devel-linux-x86_64-fedora-gcc, r-release-macos-arm64, r-release-macos-x86_64, r-oldrel-macos-arm64, r-oldrel-macos-x86_64