Last updated on 2022-04-24 03:52:25 CEST.
Flavor | Version | Tinstall | Tcheck | Ttotal | Status | Flags |
---|---|---|---|---|---|---|
r-devel-linux-x86_64-debian-clang | 0.1.0 | 59.29 | 184.31 | 243.60 | OK | |
r-devel-linux-x86_64-debian-gcc | 0.1.0 | 53.91 | 128.47 | 182.38 | OK | |
r-devel-linux-x86_64-fedora-clang | 0.1.0 | 314.62 | NOTE | |||
r-devel-linux-x86_64-fedora-gcc | 0.1.0 | 288.30 | OK | |||
r-patched-linux-x86_64 | 0.1.0 | 60.71 | 175.37 | 236.08 | OK | |
r-release-linux-x86_64 | 0.1.0 | 53.18 | 174.73 | 227.91 | OK | |
r-release-macos-arm64 | 0.1.0 | NOTE | ||||
r-release-macos-x86_64 | 0.1.0 | NOTE | ||||
r-release-windows-x86_64 | 0.1.0 | 111.00 | 236.00 | 347.00 | NOTE | |
r-oldrel-macos-arm64 | 0.1.0 | NOTE | ||||
r-oldrel-macos-x86_64 | 0.1.0 | NOTE | ||||
r-oldrel-windows-ix86+x86_64 | 0.1.0 | 162.00 | 286.00 | 448.00 | NOTE |
Version: 0.1.0
Check: installed package size
Result: NOTE
installed size is 6.8Mb
sub-directories of 1Mb or more:
doc 1.9Mb
help 2.3Mb
libs 2.1Mb
Flavors: r-devel-linux-x86_64-fedora-clang, r-release-macos-arm64, r-release-macos-x86_64, r-release-windows-x86_64, r-oldrel-macos-arm64, r-oldrel-macos-x86_64, r-oldrel-windows-ix86+x86_64