Last updated on 2022-04-24 03:52:25 CEST.
Flavor | Version | Tinstall | Tcheck | Ttotal | Status | Flags |
---|---|---|---|---|---|---|
r-devel-linux-x86_64-debian-clang | 0.9 | 92.86 | 80.27 | 173.13 | OK | |
r-devel-linux-x86_64-debian-gcc | 0.9 | 78.52 | 59.06 | 137.58 | OK | |
r-devel-linux-x86_64-fedora-clang | 0.9 | 236.71 | NOTE | |||
r-devel-linux-x86_64-fedora-gcc | 0.9 | 215.60 | OK | |||
r-patched-linux-x86_64 | 0.9 | 80.03 | 78.96 | 158.99 | OK | |
r-release-linux-x86_64 | 0.9 | 82.55 | 73.29 | 155.84 | OK | |
r-release-macos-arm64 | 0.9 | NOTE | ||||
r-release-macos-x86_64 | 0.9 | NOTE | ||||
r-release-windows-x86_64 | 0.9 | 97.00 | 126.00 | 223.00 | OK | |
r-oldrel-macos-arm64 | 0.9 | NOTE | ||||
r-oldrel-macos-x86_64 | 0.9 | NOTE | ||||
r-oldrel-windows-ix86+x86_64 | 0.9 | 225.00 | 139.00 | 364.00 | OK |
Version: 0.9
Check: installed package size
Result: NOTE
installed size is 5.2Mb
sub-directories of 1Mb or more:
libs 4.9Mb
Flavors: r-devel-linux-x86_64-fedora-clang, r-release-macos-arm64, r-release-macos-x86_64, r-oldrel-macos-arm64, r-oldrel-macos-x86_64