Last updated on 2022-04-24 03:52:25 CEST.
Flavor | Version | Tinstall | Tcheck | Ttotal | Status | Flags |
---|---|---|---|---|---|---|
r-devel-linux-x86_64-debian-clang | 1.0 | 48.11 | 112.14 | 160.25 | OK | |
r-devel-linux-x86_64-debian-gcc | 1.0 | 37.94 | 87.06 | 125.00 | OK | |
r-devel-linux-x86_64-fedora-clang | 1.0 | 209.26 | NOTE | |||
r-devel-linux-x86_64-fedora-gcc | 1.0 | 184.58 | NOTE | |||
r-patched-linux-x86_64 | 1.0 | 41.73 | 110.19 | 151.92 | OK | |
r-release-linux-x86_64 | 1.0 | 38.74 | 103.92 | 142.66 | OK | |
r-release-macos-arm64 | 1.0 | OK | ||||
r-release-macos-x86_64 | 1.0 | OK | ||||
r-release-windows-x86_64 | 1.0 | 52.00 | 147.00 | 199.00 | OK | |
r-oldrel-macos-arm64 | 1.0 | OK | ||||
r-oldrel-macos-x86_64 | 1.0 | OK | ||||
r-oldrel-windows-ix86+x86_64 | 1.0 | 115.00 | 167.00 | 282.00 | OK |
Version: 1.0
Check: compiled code
Result: NOTE
File ‘flars/libs/flars.so’:
Found no calls to: ‘R_registerRoutines’, ‘R_useDynamicSymbols’
It is good practice to register native routines and to disable symbol
search.
See ‘Writing portable packages’ in the ‘Writing R Extensions’ manual.
Flavors: r-devel-linux-x86_64-fedora-clang, r-devel-linux-x86_64-fedora-gcc