Last updated on 2022-04-24 03:52:25 CEST.
Flavor | Version | Tinstall | Tcheck | Ttotal | Status | Flags |
---|---|---|---|---|---|---|
r-devel-linux-x86_64-debian-clang | 0.1.0 | 2.88 | 38.76 | 41.64 | NOTE | |
r-devel-linux-x86_64-debian-gcc | 0.1.0 | 1.97 | 29.61 | 31.58 | NOTE | |
r-devel-linux-x86_64-fedora-clang | 0.1.0 | 49.01 | NOTE | |||
r-devel-linux-x86_64-fedora-gcc | 0.1.0 | 38.41 | NOTE | |||
r-patched-linux-x86_64 | 0.1.0 | 2.77 | 36.69 | 39.46 | NOTE | |
r-release-linux-x86_64 | 0.1.0 | 2.07 | 35.62 | 37.69 | NOTE | |
r-release-macos-arm64 | 0.1.0 | NOTE | ||||
r-release-macos-x86_64 | 0.1.0 | WARN | ||||
r-release-windows-x86_64 | 0.1.0 | 9.00 | 57.00 | 66.00 | NOTE | |
r-oldrel-macos-arm64 | 0.1.0 | NOTE | ||||
r-oldrel-macos-x86_64 | 0.1.0 | WARN | ||||
r-oldrel-windows-ix86+x86_64 | 0.1.0 | 9.00 | 44.00 | 53.00 | NOTE |
Version: 0.1.0
Check: LazyData
Result: NOTE
'LazyData' is specified without a 'data' directory
Flavors: r-devel-linux-x86_64-debian-clang, r-devel-linux-x86_64-debian-gcc, r-devel-linux-x86_64-fedora-clang, r-devel-linux-x86_64-fedora-gcc, r-patched-linux-x86_64, r-release-linux-x86_64, r-release-macos-arm64, r-release-macos-x86_64, r-release-windows-x86_64, r-oldrel-macos-arm64, r-oldrel-macos-x86_64, r-oldrel-windows-ix86+x86_64
Version: 0.1.0
Check: re-building of vignette outputs
Result: WARN
Error(s) in re-building vignettes:
...
--- re-building ‘Intro-flashCard.Rmd’ using rmarkdown
Warning in engine$weave(file, quiet = quiet, encoding = enc) :
Pandoc (>= 1.12.3) not available. Falling back to R Markdown v1.
Quitting from lines 26-32 (Intro-flashCard.Rmd)
Error: processing vignette 'Intro-flashCard.Rmd' failed with diagnostics:
invalid 'path' argument
--- failed re-building ‘Intro-flashCard.Rmd’
SUMMARY: processing the following file failed:
‘Intro-flashCard.Rmd’
Error: Vignette re-building failed.
Execution halted
Flavors: r-release-macos-x86_64, r-oldrel-macos-x86_64